 142 divide 9088?
True
Is 19 a factor of 2223?
True
Is 3537 a multiple of 27?
True
Is 610 a multiple of 21?
False
Is 35 a factor of 72?
False
Does 16 divide 480?
True
Is 14 a factor of 1409?
False
Is 20 a factor of 2080?
True
Does 5 divide 1960?
True
Does 33 divide 1419?
True
Does 83 divide 17903?
False
Does 6 divide 168?
True
Is 772 a multiple of 4?
True
Is 480 a multiple of 32?
True
Is 14201 a multiple of 77?
False
Is 12 a factor of 5520?
True
Is 13290 a multiple of 10?
True
Is 50 a factor of 6514?
False
Is 7343 a multiple of 15?
False
Is 5 a factor of 983?
False
Is 26 a multiple of 13?
True
Is 118 a factor of 22078?
False
Does 33 divide 21582?
True
Is 9 a factor of 16?
False
Does 33 divide 330?
True
Does 6 divide 546?
True
Is 16 a factor of 899?
False
Is 18 a factor of 440?
False
Is 28 a multiple of 2?
True
Is 1570 a multiple of 12?
False
Is 2530 a multiple of 10?
True
Is 2728 a multiple of 341?
True
Does 12 divide 52072?
False
Does 13 divide 4349?
False
Is 2 a factor of 139?
False
Is 65 a factor of 10660?
True
Does 36 divide 15782?
False
Is 469 a multiple of 20?
False
Is 13 a factor of 213?
False
Is 13790 a multiple of 10?
True
Is 287 a multiple of 9?
False
Does 165 divide 9641?
False
Is 3456 a multiple of 9?
True
Is 9 a factor of 100?
False
Is 54 a factor of 36558?
True
Is 186 a factor of 15624?
True
Is 65 a multiple of 22?
False
Is 19 a factor of 4769?
True
Is 754 a multiple of 26?
True
Is 24244 a multiple of 44?
True
Does 117 divide 6201?
True
Does 37 divide 5402?
True
Is 483 a multiple of 21?
True
Is 23 a factor of 30659?
True
Is 3 a factor of 5895?
True
Does 8 divide 2440?
True
Is 3552 a multiple of 16?
True
Is 137 a factor of 6817?
False
Is 294 a multiple of 5?
False
Is 7 a factor of 5140?
False
Does 6 divide 412?
False
Does 45 divide 5265?
True
Is 44 a factor of 4415?
False
Is 1477 a multiple of 44?
False
Is 101400 a multiple of 338?
True
Is 2 a factor of 7574?
True
Does 82 divide 1308?
False
Is 280 a factor of 5320?
True
Is 4 a factor of 219?
False
Does 59 divide 11446?
True
Is 37 a factor of 742?
False
Does 30 divide 193?
False
Is 94 a factor of 3102?
True
Is 2 a factor of 13746?
True
Is 370 a multiple of 14?
False
Is 13 a factor of 1143?
False
Does 3 divide 214?
False
Is 1621 a multiple of 71?
False
Is 39 a factor of 27349?
False
Is 4 a factor of 2665?
False
Does 3 divide 201?
True
Does 5 divide 235?
True
Is 312 a multiple of 52?
True
Is 43020 a multiple of 30?
True
Is 34394 a multiple of 58?
True
Is 2325 a multiple of 153?
False
Is 8862 a multiple of 74?
False
Does 50 divide 8970?
False
Does 12 divide 108?
True
Is 22 a factor of 4466?
True
Is 17178 a multiple of 20?
False
Does 36 divide 540?
True
Is 698 a multiple of 12?
False
Is 18300 a multiple of 60?
True
Does 6 divide 1092?
True
Is 120 a factor of 6061?
False
Is 15 a factor of 390?
True
Is 6115 a multiple of 5?
True
Is 46 a factor of 598?
True
Is 23 a factor of 899?
False
Does 17 divide 28033?
True
Is 18 a multiple of 9?
True
Is 79 a factor of 1817?
True
Is 5395 a multiple of 13?
True
Does 19 divide 3173?
True
Does 21 divide 18396?
True
Is 1499 a multiple of 20?
False
Does 5 divide 2282?
False
Is 6 a factor of 4728?
True
Is 5922 a multiple of 18?
True
Does 5 divide 7820?
True
Is 10984 a multiple of 50?
False
Is 12 a factor of 1862?
False
Does 7 divide 17?
False
Is 246 even?
True
Is 31 a factor of 228?
False
Is 14 a factor of 1092?
True
Is 60 a factor of 1178?
False
Is 76 a factor of 6764?
True
Does 24 divide 576?
True
Does 15 divide 120?
True
Is 8 a factor of 214?
False
Is 4982 a multiple of 2?
True
Does 9 divide 5409?
True
Is 16 a factor of 9753?
False
Is 4574 a multiple of 37?
False
Is 38 a factor of 1406?
True
Is 20 a factor of 617?
False
Is 59160 a multiple of 51?
True
Does 12 divide 36948?
True
Is 18026 a multiple of 15?
False
Is 62062 a multiple of 22?
True
Does 4 divide 28?
True
Is 1541 a multiple of 23?
True
Does 31 divide 2480?
True
Does 2 divide 3?
False
Does 14 divide 616?
True
Is 10 a factor of 41536?
False
Is 2502 a multiple of 4?
False
Is 8 a factor of 54208?
True
Is 290 a multiple of 10?
True
Is 299 a multiple of 13?
True
Is 12 a factor of 528?
True
Is 2 a factor of 556?
True
Is 19 a factor of 608?
True
Is 4 a factor of 1736?
True
Is 46 a factor of 25836?
False
Does 70 divide 1470?
True
Is 443 a multiple of 47?
False
Is 79 a factor of 474?
True
Is 44 a factor of 3388?
True
Is 95 a multiple of 7?
False
Is 28282 a multiple of 193?
False
Is 2940 a multiple of 20?
True
Is 76 a factor of 608?
True
Is 43 a factor of 258?
True
Is 1188 a multiple of 33?
True
Is 3 a factor of 104?
False
Is 63 a factor of 2520?
True
Does 20 divide 600?
True
Is 21 a factor of 26302?
False
Is 870 a multiple of 23?
False
Does 5 divide 30?
True
Is 28 a factor of 168?
True
Is 414 a multiple of 23?
True
Is 39 a factor of 21879?
True
Is 62 a factor of 806?
True
Is 1970 a multiple of 49?
False
Does 32 divide 1131?
False
Is 20 a factor of 4860?
True
Does 20 divide 307?
False
Is 1821 a multiple of 90?
False
Is 50114 a multiple of 130?
False
Is 66 a factor of 23232?
True
Is 18 a factor of 6748?
False
Does 39 divide 1248?
True
Does 228 divide 14064?
False
Is 3 a factor of 3555?
True
Is 8 a factor of 1690?
False
Is 961 a multiple of 123?
False
Does 4 divide 912?
True
Is 89 a multiple of 2?
False
Is 14 a factor of 2529?
False
Is 9 a factor of 4212?
True
Is 336 a multiple of 18?
False
Is 22 a factor of 11132?
True
Is 480 a multiple of 80?
True
Is 5 a factor of 2305?
True
Is 801 a multiple of 20?
False
Is 1775 a multiple of 26?
False
Is 82 a factor of 38461?
False
Does 12 divide 864?
True
Does 29 divide 26773?
False
Does 45 divide 3195?
True
Is 520 a multiple of 5?
True
Does 34 divide 6144?
False
Is 9 a factor of 2245?
False
Does 9 divide 1236?
False
Is 11 a factor of 1749?
True
Does 27 divide 29187?
True
Is 13 a factor of 11029?
False
Is 17 a factor of 459?
True
Is 7430 a multiple of 96?
False
Is 1152 a multiple of 12?
True
Is 83 a factor of 1245?
True
Is 35797 a multiple of 85?
False
Does 20 divide 340?
True
Is 72 a factor of 1080?
True
Is 5 a factor of 1373?
False
Is 4092 a multiple of 11?
True
Is 1170 a multiple of 30?
True
Does 5 divide 491?
False
Is 54 a factor of 6750?
True
Is 11 a factor of 1104?
False
Is 52 a factor of 36036?
True
Does 22 divide 27852?
True
Is 37 a factor of 2442?
True
Does 44 divide 29000?
False
Is 104 even?
True
Is 40 a factor of 6720?
True
Is 31890 a multiple of 10?
True
Is 340 a multiple of 6?
False
Is 36 a multiple of 18?
True
Is 17500 a multiple of 193?
False
Is 9084 a multiple of 4?
True
Does 87 divide 2138?
False
Is 43 a factor of 2236?
True
Is 4959 a multiple of 12?
False
Is 6 a factor of 1917?
False
Does 13 divide 442?
True
Is 16 a factor of 19024?
True
Is 26 a factor of 104?
True
Is 19 a factor of 3287?
True
Is 37 a factor of 5485?
False
Is 44 a factor of 504?
False
Is 83 a factor of 145?
False
Is 661 a multiple of 22?
False
Is 2697 a multiple of 31?
True
Does 23 divide 23568?
False
Does 404 divide 60630?
False
Is 12 a factor of 396?
True
Is 30543 a multiple of 88?
False
Is 10 a factor of 12280?
True
Does 50 divide 1189?
False
Does 3 divide 18297?
True
Is 7479 a multiple of 16?
False
Does 87 divide 19053?
True
Is 1656 a multiple of 92?
True
Is 91 a factor of 3806?
False
Does 66 divide 330?
True
Is 16 a factor of 30912?
True
Is 17627 a multiple of 12?
False
Is 2762 a multiple of 10?
False
Does 52 divide 1871?
False
Is 3 a factor of 2516?
False
Is 23385 a multiple of 13?
False
Is 2250 a multiple of 25?
True
Is 36 a factor of 619?
False
Is 21 a factor of 7987?
False
Is 7 a factor of 65?
False
Is 3423 a multiple of 15?
False
Does 7 divide 4124?
False
Is 12 a factor of 4916?
False
Is 1782 a multiple of 18?
True
Does 14 divide 504?
True
Does 4 divide 60?
True
Is 1470 a multiple of 30?
True
Is 17 a factor of 9479?
False
Is 12 a factor of 1116?
True
Is 4149 a multiple of 11?
False
Is 657 a multiple of 2?
False
Is 43 a factor of 14969?
False
Is 851 a multiple of 8?
False
Is 8 a factor of 7767?
False
Does 143 divide 7451?
False
Is 14 a factor of 5042?
False
Is 9745 a multiple of 19?
False
Is 6 a factor of 3062?
False
Does 12 divide 84?
True
Is 5 a factor of 47?
False
Is 62406 a multiple of 9?
True
Is 11 a factor of 25527?
False
Is 1433 a multiple of 5?
False
Is 61938 a m